f 57749857?
5
What is the hundred thousands digit of 1497277322?
2
What is the hundred millions digit of 800872639?
8
What is the millions digit of 1234228492?
4
What is the units digit of 113405879?
9
What is the thousands digit of 64017754?
7
What is the units digit of 2683207820?
0
What is the ten thousands digit of 182071861?
7
What is the millions digit of 5804328090?
4
What is the units digit of 2357824718?
8
What is the ten thousands digit of 2763800077?
0
What is the thousands digit of 83366637?
6
What is the tens digit of 302987236?
3
What is the tens digit of 1177822670?
7
What is the ten thousands digit of 18845819?
4
What is the ten millions digit of 3677491770?
7
What is the ten thousands digit of 226807799?
0
What is the ten millions digit of 73678097?
7
What is the ten millions digit of 121587165?
2
What is the ten millions digit of 1028406105?
2
What is the units digit of 198722414?
4
What is the units digit of 17988788?
8
What is the hundred thousands digit of 502854474?
8
What is the tens digit of 133739279?
7
What is the millions digit of 2541168?
2
What is the millions digit of 762246439?
2
What is the hundred thousands digit of 183800993?
8
What is the ten millions digit of 1233388004?
3
What is the hundreds digit of 795733859?
8
What is the hundreds digit of 44431239?
2
What is the millions digit of 5521654751?
1
What is the ten thousands digit of 63165860?
6
What is the ten millions digit of 321935020?
2
What is the hundred thousands digit of 2947600879?
6
What is the hundred thousands digit of 34285844?
2
What is the thousands digit of 101398024?
8
What is the hundreds digit of 36569254?
2
What is the thousands digit of 320845055?
5
What is the ten thousands digit of 87874424?
7
What is the hundred millions digit of 883180296?
8
What is the hundred millions digit of 841999232?
8
What is the hundreds digit of 1030768020?
0
What is the hundred thousands digit of 2083045056?
0
What is the hundred millions digit of 983867642?
9
What is the hundreds digit of 2705493406?
4
What is the hundred thousands digit of 29847965?
8
What is the hundred thousands digit of 318098299?
0
What is the billions digit of 2226934911?
2
What is the ten millions digit of 14672321?
1
What is the millions digit of 29047627?
9
What is the tens digit of 1979904890?
9
What is the billions digit of 1615048905?
1
What is the hundred thousands digit of 28850833?
8
What is the hundred millions digit of 131816760?
1
What is the ten thousands digit of 247314013?
1
What is the millions digit of 46377544?
6
What is the ten millions digit of 46596173?
4
What is the hundreds digit of 28161897?
8
What is the hundred thousands digit of 742596192?
5
What is the units digit of 412331813?
3
What is the tens digit of 330928658?
5
What is the ten thousands digit of 19139722?
3
What is the hundreds digit of 7514194?
1
What is the hundreds digit of 82240528?
5
What is the millions digit of 21422035?
1
What is the ten thousands digit of 139525813?
2
What is the billions digit of 2976712762?
2
What is the hundreds digit of 12277551?
5
What is the ten thousands digit of 529347120?
4
What is the hundred millions digit of 4042228084?
0
What is the units digit of 1884380563?
3
What is the hundreds digit of 623302974?
9
What is the ten thousands digit of 110867291?
6
What is the ten millions digit of 822343242?
2
What is the millions digit of 536547788?
6
What is the thousands digit of 573326296?
6
What is the tens digit of 543649728?
2
What is the thousands digit of 113542728?
2
What is the hundred millions digit of 923846412?
9
What is the hundred millions digit of 964027195?
9
What is the hundred thousands digit of 91098476?
0
What is the thousands digit of 1111069354?
9
What is the millions digit of 17163588?
7
What is the tens digit of 768318529?
2
What is the units digit of 1800904072?
2
What is the thousands digit of 1795302151?
2
What is the hundred thousands digit of 1062576949?
5
What is the millions digit of 368570803?
8
What is the ten millions digit of 344126051?
4
What is the tens digit of 234212891?
9
What is the units digit of 107233832?
2
What is the millions digit of 8931562883?
1
What is the thousands digit of 1095449485?
9
What is the hundreds digit of 44718652?
6
What is the tens digit of 41768688?
8
What is the hundred millions digit of 245549169?
2
What is the hundred thousands digit of 3692323810?
3
What is the millions digit of 63639696?
3
What is the ten millions digit of 819274813?
1
What is the millions digit of 187271254?
7
What is the hundred thousands digit of 43990192?
9
What is the millions digit of 32470014?
2
What is the ten millions digit of 298968241?
9
What is the units digit of 5984036964?
4
What is the tens digit of 182308454?
5
What is the hundreds digit of 2071101044?
0
What is the millions digit of 24940497?
4
What is the ten thousands digit of 1318343015?
4
What is the units digit of 137048751?
1
What is the hundred millions digit of 109339729?
1
What is the ten thousands digit of 322165458?
6
What is the units digit of 117884708?
8
What is the ten thousands digit of 101927627?
2
What is the ten millions digit of 32950464?
3
What is the tens digit of 687735681?
8
What is the millions digit of 1066832330?
6
What is the tens digit of 129088497?
9
What is the units digit of 92007434?
4
What is the ten millions digit of 1008678123?
0
What is the ten thousands digit of 35862743?
6
What is the thousands digit of 573016051?
6
What is the millions digit of 105500389?
5
What is the units digit of 23023523?
3
What is the thousands digit of 283590740?
0
What is the units digit of 238325580?
0
What is the ten millions digit of 282685999?
8
What is the tens digit of 3313933?
3
What is the thousands digit of 601204343?
4
What is the ten thousands digit of 703336921?
3
What is the tens digit of 205220887?
8
What is the units digit of 58130900?
0
What is the thousands digit of 428913837?
3
What is the millions digit of 188284765?
8
What is the millions digit of 55031329?
5
What is the tens digit of 8945244?
4
What is the hundred thousands digit of 303357513?
3
What is the hundred millions digit of 239361905?
2
What is the millions digit of 318316334?
8
What is the millions digit of 113872293?
3
What is the hundreds digit of 183680968?
9
What is the tens digit of 31276013?
1
What is the millions digit of 18260163?
8
What is the hundred thousands digit of 632423331?
4
What is the ten thousands digit of 149245871?
4
What is the millions digit of 6045694563?
5
What is the hundred thousands digit of 44535162?
5
What is the millions digit of 71749160?
1
What is the hundreds digit of 110359509?
5
What is the ten millions digit of 140271458?
4
What is the millions digit of 5924158561?
4
What is the thousands digit of 24862007?
2
What is the tens digit of 52900639?
3
What is the units digit of 422259678?
8
What is the millions digit of 1884950616?
4
What is the hundred thousands digit of 222933570?
9
What is the hundred thousands digit of 5309630?
3
What is the hundreds digit of 27078471?
4
What is the ten thousands digit of 309961379?
6
What is the hundred millions digit of 4194582863?
1
What is the hundred thousands digit of 675614297?
6
What is the ten thousands digit of 557794429?
9
What is the ten thousands digit of 219779310?
7
What is the units digit of 524845386?
6
What is the thousands digit of 38621605?
1
What is the hundred millions digit of 518699717?
5
What is the hundred thousands digit of 122422396?
4
What is the hundred thousands digit of 21963592?
9
What is the tens digit of 86780412?
1
What is the units digit of 5629701?
1
What is the thousands digit of 11056942?
6
What is the billions digit of 8095163070?
8
What is the thousands digit of 17169923?
9
What is the ten millions digit of 1355124011?
5
What is the hundred thousands digit of 32672271?
6
What is the hundreds digit of 869548023?
0
What is the hundred thousands digit of 3477618954?
6
What is the ten millions digit of 943835981?
4
What is the hundreds digit of 50997386?
3
What is the ten thousands digit of 150605181?
0
What is the thousands digit of 391499521?
9
What is the ten thousands digit of 1289098832?
9
What is the thousands digit of 19602531?
2
What is the hundreds digit